= -n. Let y be (8 + 0)*n/(-4). Let z(b) be the second derivative of b**4/12 + 5*b**3/6 - b**2 + 2*b. Determine z(y).
-6
Let x(b) = b. Suppose 6*l + 33 - 3 = 0. What is x(l)?
-5
Let g(r) = -3*r - 5. Let i(s) = 5 - 3*s - 3 + s + 4*s. Let d(w) = -2*g(w) - 5*i(w). Calculate d(2).
-8
Let v(q) = q - 5. Let i be v(7). Let c(z) = 7 - 7 + 8*z**i + z. Calculate c(-1).
7
Let n(g) be the second derivative of g**7/2520 - g**5/20 + g**4/4 + g. Let d(o) be the third derivative of n(o). Give d(0).
-6
Suppose -4*s = -16, 4*d - 4*s + 1 = -3. Let g(u) = 5*u - 12 - 3*u + 8. What is g(d)?
2
Suppose -3*x + 7*x = 16. Let r(v) = -v**2 + 3*v + 5. Give r(x).
1
Let y(c) = 2 + 0 + 3 - c. Determine y(6).
-1
Let n(i) = -i**3 - 8*i**2 - 9*i - 6. Let l(k) = -k**3 + 5*k**2 - 2*k + 4. Let q be l(5). What is n(q)?
-24
Let p = -3 + 4. Suppose 5*a = 4*y - 2*y + p, -5*a - 5 = -5*y. Let h(g) = -7*g + 2*g + 11 - 4 + g**2 - y*g. Calculate h(5).
-3
Let s be (-2)/((-1)/4*-4*-1). Let r(j) be the second derivative of -2*j - j**s + 0 - 1/6*j**3. Calculate r(5).
-7
Let y(q) = -q**2 - 8*q - 7. Let r be y(-7). Let m(n) = 1 - n + r*n + n**3 + 5*n**2 - 2*n**2. Let k = -48 - -44. What is m(k)?
-11
Let p be 1 - 13 - (-3 + 3). Let j = 7 + p. Let z(a) be the third derivative of -a**5/60 - a**4/8 + a**3 + a**2. Give z(j).
-4
Let n(s) = 9*s**2 - s + 6. Let r(p) = -5*p**2 + p - 3. Let t(k) = 6*n(k) + 11*r(k). Calculate t(7).
-11
Let f(w) = -12*w**2 - 2*w + 1. Let j be f(1). Let a = j + 40. Let q be (-2)/(-5) + a/(-5). Let o(n) = -n**2 - 6*n - 5. Determine o(q).
0
Let y(a) be the second derivative of 3*a**3/2 + a**2/2 + 21*a. Determine y(-1).
-8
Suppose 4*t - 4*l - 8 = 0, 4*l - 1 = 2*t + 1. Let z(r) = -r**3 + 6*r**2 - 4*r + 1. Calculate z(t).
6
Suppose -20 = -0*v + 5*v. Let t(w) = w**3 + 8*w**2 + w + 6. Let o(y) = 2*y**3 + 15*y**2 + 3*y + 11. Let j(l) = 3*o(l) - 5*t(l). What is j(v)?
3
Suppose 0 = -0*p - p. Let s(g) be the second derivative of g + 1/12*g**4 + p - 5/6*g**3 - 1/2*g**2. What is s(4)?
-5
Let i(c) = c - 2. Let q be (-2)/8 + 50/8. Calculate i(q).
4
Let p(u) = -u**2 - 2*u. Suppose -m - 28 = -5*m. Let l = m + -10. Let y be 0 + 2 + l + 3. Determine p(y).
-8
Let b(c) = 5*c**2 - c. Let p be b(-1). Let u(i) = 2*i**3 - p*i - 2 + 4*i**2 - i**3 - 3. Let z(g) = -7*g**2 - 6*g - 4. Let j be z(-1). Give u(j).
0
Let v(z) be the first derivative of 3*z**2/2 - 2*z - 1. Suppose 2*w = 32 - 12. Let l be ((-8)/w)/((-10)/25). Calculate v(l).
4
Let g(l) = 14*l**2 + 45 - 10*l**2 - 45. Calculate g(1).
4
Let f(x) be the first derivative of -x**6/120 - x**5/60 + 5*x**3/6 + 5*x**2/2 + 3. Let u(n) be the second derivative of f(n). What is u(0)?
5
Let m(d) = -27*d**3 - 5*d**2 + 9 + 4*d**2 + 28*d**3. Give m(0).
9
Let p = -14 - -19. Let z(t) = p*t - 3*t + 0 - 3 - 8*t. Calculate z(-3).
15
Suppose -4*f + 21 = -7. Let m(z) = z**2 - 6*z + 4. Determine m(f).
11
Let i be (-2 - -1)*(4 - 1). Let c(z) = z**3 + 5*z**2 + 5*z + 4. Give c(i).
7
Let p(f) = f - 3. Let h be p(7). Let k(n) = -n**3 + 4*n**2 - 4*n + 4. Let l be k(3). Let x = l - h. Let v(t) = -t**3 - 3*t**2 - 2. Determine v(x).
-2
Let u = -63 - -35. Let g be -2 + (1 - 1 - u). Suppose -l - k = 4*l - g, 0 = l - 5*k. Let h(r) = r**3 - 5*r**2 - 2*r + 1. Calculate h(l).
-9
Let u(s) = -s - 2. Let o(l) = -l**2 + 9*l - 7. Let t be o(8). Let r(z) = 2 - 2*z + 0 - t + 6. Let c be r(6). Determine u(c).
3
Let c(n) be the third derivative of n**8/6720 + n**7/504 + n**6/720 + n**5/120 + 5*n**4/24 - 2*n**2. Let k(t) be the second derivative of c(t). Determine k(-2).
11
Let i(d) = 7 - 4 - 24*d + 26*d. What is i(4)?
11
Let l(n) = 2*n + 1. Let v be l(4). Suppose 0 = 4*q + 7 + v. Let c(h) = -6*h. Let z(b) = -5*b. Let o(k) = 4*c(k) - 5*z(k). Determine o(q).
-4
Suppose 5*u - 18 = -u. Let j be 2 - (u + -3 + -2). Let w(p) be the third derivative of p**5/60 - p**4/12 + p**3/3 + p**2. Give w(j).
10
Let p(m) = m - 7. Let q be p(8). Suppose -d = -q - 1. Suppose -2*o - 5*j - 2 = d, 2*o + 4 = -2*j. Let w(c) = -c**3 - 4*c**2 - 3*c - 2. Calculate w(o).
-4
Let t(z) = 5*z + 1. Let l be t(-1). Suppose -2*n - 5*a - 7 = -31, -10 = -3*n - a. Let h(b) = -3*b - b**3 + 0 - 2 - b**n - 4*b**2. Calculate h(l).
-6
Let a(o) = -o**2 - 2 - o + 2. Let h = -71 + 72. Calculate a(h).
-2
Suppose -4*s - 3 = 1. Let k(h) = 5*h**2 - 2*h - 1. Calculate k(s).
6
Let w(o) = -o**2 - 8*o + 4. Let k be w(-8). Let v(l) = -2*l + l**3 + 2*l**2 + 1 - 6*l**3 + k*l**3. Determine v(2).
-3
Let l(m) = -4*m**3. Suppose 3*w - 2*n = 2*n + 21, 5*w = -4*n + 3. Let r(c) = c + w*c - 3*c - 1. Let j be r(0). What is l(j)?
4
Suppose 4*q - 5*u - 31 = 19, -66 = -4*q - 3*u. Suppose 3*z - 3*f = q, -2*f - 5 = -z + 3. Let b(p) = p + 2 + z - 4 - 1. Give b(4).
3
Let q(h) be the first derivative of -h**3 - h - 1. Let v(f) = 6*f - 1. Let o be v(-1). Let d be (-1 - -2)/(o - -6). Determine q(d).
-4
Let d(p) = p**3 + 3*p**2 + 3*p + 3. Let g be (3/(-9))/(7/21). Suppose 4*i = 5*u - 4, -1 - 4 = 5*i - 3*u. Let o = i + g. What is d(o)?
1
Suppose y = 3*q - 15 + 1, 5*y = 3*q + 2. Suppose 0 = 3*r - 6 - q. Let t(u) = 6 - 4*u + u**3 + 5*u + 5*u**2 - r*u**2. Calculate t(0).
6
Suppose -4*t + 16 = -p - 0*t, 0 = p - 5*t + 20. Let j(i) = 2 - i**2 - 7*i + 2*i + p*i**2 + 0*i. Suppose u + 4 = -0. Calculate j(u).
6
Let i be (13/(-234))/((-2)/3). Let k(s) be the third derivative of i*s**4 + 0 - 1/6*s**3 + s**2 - 2/15*s**5 + 0*s. Determine k(1).
-7
Let t(l) = -3*l + 13. Let g(p) = p - 1. Let y(c) = -4*g(c) - t(c). What is y(0)?
-9
Let b(v) = 13*v + 1 + 3 - 26*v + 11*v. Calculate b(5).
-6
Let t be (1 + 0 + 1)/2. Let x(u) = -2*u. Let w(p) = -19*p. Let d(f) = -2*w(f) + 22*x(f). What is d(t)?
-6
Let s(w) = -w**2 + 4*w. Let a(b) = -8*b - 6*b**3 + 5*b**2 - 8 + 4*b**3 + 3*b**3. Let i be a(-6). Calculate s(i).
0
Let z be 6/2 + -3 - -3. Let d = z + 5. Suppose y = 4 - d. Let l(n) = n**3 + 4*n**2 - n - 3. What is l(y)?
1
Let i(x) = -2*x + 9. Let o = -37 + 43. Give i(o).
-3
Let w(i) = 2*i**2 + 2*i - 3. Let l(b) = 2*b - 36. Let r be l(19). What is w(r)?
9
Suppose -f = -1 - 2. Let x(m) = 0*m**f - 4*m**2 + 2 - 1 + 8*m - m**3 + 6. Give x(-5).
-8
Let h(r) = r**3 - 6*r**2 - 4. Suppose -4*v - 8 = 36. Let x be 204/33 - (-2)/v. What is h(x)?
-4
Suppose x - 9 = 2*q, -x + 2*q + 2*q = -15. Suppose 0 = a + x - 9. Let c(d) be the third derivative of d**5/60 - d**4/4 + d**3 - d**2. Determine c(a).
6
Let x(f) be the second derivative of f**4/12 + f**3/6 + 9*f. Let g = -4 + 2. Determine x(g).
2
Let z be 4/14 + (-12)/42. Let u(x) = z*x - 3 + 2*x + 2. Suppose -s - s + 3*p + 11 = 0, 0 = -3*p - 15. Calculate u(s).
-5
Let c(k) = -5*k**2 - 6*k + 6. Let x(w) = 13*w**2 + 17*w - 16. Let q(o) = 11*c(o) + 4*x(o). Suppose -7*a + 8 = -3*a. Give q(a).
-6
Let w(i) = 7*i + 12*i - 18*i - 13. What is w(9)?
-4
Let f = 4 + -2. Let h(s) be the third derivative of 0*s + 0 + 1/60*s**5 - 1/6*s**3 - 6*s**2 - 1/24*s**4. What is h(f)?
1
Let v(u) be the third derivative of u**5/60 + u**4/8 - 11*u**3/6 - 7*u**2. Let m(i) = 1. Let x(d) = 6*m(d) + v(d). Give x(-4).
-1
Let z(h) = -h + 6. Let r be -41*(-2 + -1 + 2). Suppose -s = -2*f - 3, 5*s - 3*f + 6*f = r. Give z(s).
-1
Let s = -5 - -3. Let u = 2 + -1. Let w(x) = 3*x + u - 3*x**3 - 6 + 2*x**3 - x**2 + 7. What is w(s)?
0
Let d(x) be the third derivative of x**4/24 + x**3/6 - 2*x**2. Let a(r) = -r**3 - 2*r**2 + 3*r - 3. Let z be a(-3). Let n = z + 7. Determine d(n).
5
Let r(t) = 2*t + 10. Let b be r(-7). Let h be 1/b - (-13)/4. Let m(o) = o + 4. Calculate m(h).
7
Let c(l) = l. Let n(f) = f**2 - 11*f - 6. Let r(t) = 6*c(t) + n(t). Determine r(6).
0
Suppose 0 = -4*r - 4 - 12. Let f(c) = -7*c**2 - 4*c - 3. Let a(g) = -13*g**2 - 8*g - 5. Let n(s) = -6*a(s) + 11*f(s). Determine n(r).
-3
Let v(y) be the third derivative of y**5/60 + y**4/24 - 5*y**3/6 - 5*y**2. Determine v(0).
-5
Let y(d) = -1. Let s(g) = g - 1. Let j(k) = -s(k) + 5*y(k). Calculate j(-4).
0
Let p(c) = c**3 - 2*c**2 + c. Let v be (-2)/8 + (-5)/(-4). Suppose -x = -3*j + v, -5*j + 5*x = -2*j + 7. Calculate p(j).
0
Suppose i = 5*n - 6, -4*i - i = -4*n + 9. Suppose 0 = 3*r + 2*r - 15. Let d(z) = z - 4*z**2 + 3*z**2 + 3*z**2 - 5*z**r. What is d(i)?
6
Let p = -5 - -5. Let n(h) = p*h**3 - 2*h**3 - 4*h**2 + 3*h**3 - 7*h + 5. Calculate n(5).
-5
Let w(t) be the first derivative of 3*t - 3*t - 1 + 3*t + t**2. Let i(o) = -3*o**2 - o. Let x be i